hat is the remainder when 58 is divided by 46?
12
What is the remainder when 14505 is divided by 6?
3
Calculate the remainder when 4900 is divided by 69.
1
Calculate the remainder when 590 is divided by 105.
65
What is the remainder when 726 is divided by 6?
0
Calculate the remainder when 490 is divided by 430.
60
Calculate the remainder when 282 is divided by 76.
54
Calculate the remainder when 52 is divided by 20.
12
Calculate the remainder when 104 is divided by 16.
8
Calculate the remainder when 9285 is divided by 714.
3
What is the remainder when 442 is divided by 131?
49
Calculate the remainder when 150 is divided by 21.
3
What is the remainder when 593 is divided by 12?
5
Calculate the remainder when 38 is divided by 21.
17
Calculate the remainder when 466 is divided by 20.
6
Calculate the remainder when 113 is divided by 42.
29
What is the remainder when 267 is divided by 93?
81
Calculate the remainder when 446 is divided by 60.
26
Calculate the remainder when 5691 is divided by 17.
13
What is the remainder when 291 is divided by 7?
4
Calculate the remainder when 426 is divided by 11.
8
Calculate the remainder when 135 is divided by 33.
3
What is the remainder when 306 is divided by 83?
57
Calculate the remainder when 2242 is divided by 21.
16
What is the remainder when 39 is divided by 17?
5
What is the remainder when 521 is divided by 108?
89
What is the remainder when 8092 is divided by 19?
17
What is the remainder when 1732 is divided by 20?
12
Calculate the remainder when 179 is divided by 151.
28
What is the remainder when 237 is divided by 15?
12
Calculate the remainder when 206 is divided by 11.
8
Calculate the remainder when 706 is divided by 92.
62
What is the remainder when 164 is divided by 48?
20
What is the remainder when 2881 is divided by 28?
25
What is the remainder when 433 is divided by 312?
121
Calculate the remainder when 248 is divided by 6.
2
What is the remainder when 173 is divided by 88?
85
What is the remainder when 159 is divided by 3?
0
What is the remainder when 304 is divided by 51?
49
What is the remainder when 3305 is divided by 16?
9
What is the remainder when 321 is divided by 25?
21
Calculate the remainder when 3695 is divided by 154.
153
Calculate the remainder when 624 is divided by 108.
84
Calculate the remainder when 4748 is divided by 19.
17
What is the remainder when 1262 is divided by 338?
248
What is the remainder when 293 is divided by 27?
23
Calculate the remainder when 296 is divided by 139.
18
What is the remainder when 1048 is divided by 25?
23
What is the remainder when 148 is divided by 46?
10
Calculate the remainder when 2583 is divided by 39.
9
What is the remainder when 2384 is divided by 1191?
2
Calculate the remainder when 5968 is divided by 52.
40
What is the remainder when 7427 is divided by 240?
227
Calculate the remainder when 252 is divided by 122.
8
Calculate the remainder when 404 is divided by 127.
23
What is the remainder when 734 is divided by 58?
38
What is the remainder when 180 is divided by 26?
24
What is the remainder when 268 is divided by 45?
43
Calculate the remainder when 274 is divided by 4.
2
Calculate the remainder when 220 is divided by 60.
40
Calculate the remainder when 47 is divided by 23.
1
What is the remainder when 42 is divided by 13?
3
Calculate the remainder when 17 is divided by 10.
7
What is the remainder when 405 is divided by 103?
96
What is the remainder when 1023 is divided by 9?
6
Calculate the remainder when 9772 is divided by 610.
12
Calculate the remainder when 284 is divided by 49.
39
What is the remainder when 978 is divided by 7?
5
What is the remainder when 263 is divided by 84?
11
Calculate the remainder when 519 is divided by 35.
29
Calculate the remainder when 416 is divided by 84.
80
Calculate the remainder when 339 is divided by 31.
29
Calculate the remainder when 231 is divided by 4.
3
Calculate the remainder when 541 is divided by 106.
11
Calculate the remainder when 108 is divided by 64.
44
What is the remainder when 402 is divided by 105?
87
What is the remainder when 526 is divided by 12?
10
What is the remainder when 1009 is divided by 172?
149
Calculate the remainder when 382 is divided by 35.
32
What is the remainder when 70 is divided by 12?
10
Calculate the remainder when 23 is divided by 8.
7
What is the remainder when 471 is divided by 12?
3
What is the remainder when 2224 is divided by 2219?
5
What is the remainder when 92 is divided by 47?
45
What is the remainder when 1484 is divided by 27?
26
Calculate the remainder when 1510 is divided by 18.
16
Calculate the remainder when 349 is divided by 10.
9
Calculate the remainder when 193 is divided by 172.
21
Calculate the remainder when 2378 is divided by 13.
12
Calculate the remainder when 373 is divided by 13.
9
What is the remainder when 397 is divided by 7?
5
Calculate the remainder when 1558 is divided by 120.
118
Calculate the remainder when 479 is divided by 166.
147
What is the remainder when 187 is divided by 78?
31
Calculate the remainder when 646 is divided by 59.
56
What is the remainder when 39959 is divided by 10?
9
Calculate the remainder when 334 is divided by 49.
40
Calculate the remainder when 250 is divided by 36.
34
Calculate the remainder when 5435 is divided by 80.
75
Calculate the remainder when 112 is divided by 85.
27
Calculate the remainder when 3545 is divided by 162.
143
Calculate the remainder when 305 is divided by 64.
49
What is the remainder when 16 is divided by 8?
0
Calculate the remainder when 667 is divided by 80.
27
Calculate the remainder when 90 is divided by 23.
21
What is the remainder when 53 is divided by 36?
17
What is the remainder when 5936 is divided by 54?
50
What is the remainder when 232 is divided by 23?
2
Calculate the remainder when 80 is divided by 42.
38
Calculate the remainder when 113 is divided by 45.
23
What is the remainder when 199 is divided by 108?
91
Calculate the remainder when 1684 is divided by 88.
12
What is the remainder when 3452 is divided by 173?
165
Calculate the remainder when 803 is divided by 134.
133
Calculate the remainder when 315 is divided by 53.
50
What is the remainder when 75 is divided by 16?
11
What is the remainder when 234 is divided by 44?
14
Calculate the remainder when 233 is divided by 13.
12
What is the remainder when 4197 is divided by 17?
15
Calculate the remainder when 188 is divided by 48.
44
Calculate the remainder when 4076 is divided by 47.
34
What is the remainder when 93 is divided by 30?
3
What is the remainder when 5003 is divided by 12?
11
Calculate the remainder when 63 is divided by 38.
25
Calculate the remainder when 15216 is divided by 89.
86
What is the remainder when 237 is divided by 48?
45
What is the remainder when 173 is divided by 82?
9
What is the remainder when 454 is divided by 141?
31
Calculate the remainder when 11553 is divided by 40.
33
What is the remainder when 784 is divided by 392?
0
What is the remainder when 300 is divided by 22?
14
Calculate the remainder when 558 is divided by 81.
72
Calculate the remainder when 141 is divided by 75.
66
What is the remainder when 55 is divided by 15?
10
Calculate the remainder when 2414 is divided by 151.
149
Calculate the remainder when 2328 is divided by 84.
60
What is the remainder when 31 is divided by 11?
9
Calculate the remainder when 530 is divided by 89.
85
Calculate the remainder when 1796 is divided by 12.
8
Calculate the remainder when 291 is divided by 39.
18
What is the remainder when 8116 is divided by 99?
97
What is the remainder when 377 is divided by 6?
5
Calculate the remainder when 32 is divided by 15.
2
What is the remainder when 17646 is divided by 1604?
2
Calculate the remainder when 1239 is divided by 155.
154
Calculate the remainder when 62 is divided by 33.
29
What is the remainder when 419 is divided by 25?
19
Calculate the remainder when 537 is divided by 14.
5
Calculate the remainder when 2049 is divided by 76.
73
Calculate the remainder when 268 is divided by 63.
16
What is the remainder when 151 is divided by 17?
15
Calculate the remainder when 11 is divided by 11.
0
What is the remainder when 1505 is divided by 58?
55
Calculate the remainder when 24 is divided by 5.
4
Calcu